composite number?
False
Is 1427721989 a composite number?
True
Is 7994467913 prime?
True
Is 171860827349 a composite number?
False
Is 1580163031 a prime number?
False
Is 2816892347 a prime number?
False
Is 8314433749 composite?
False
Is 705167977 prime?
False
Is 6551997083 a prime number?
True
Is 4550018741 a prime number?
False
Is 1897501241 a composite number?
True
Is 14475484061 a composite number?
True
Is 2124341381 a prime number?
False
Is 6206013599 a prime number?
False
Is 4508872211 a prime number?
False
Is 5754933097 prime?
False
Is 389020759 composite?
True
Is 53871270119 a prime number?
True
Is 240196673 prime?
False
Is 87146555033 composite?
True
Is 1381774033 composite?
False
Is 69057840251 a prime number?
True
Is 12608018993 a prime number?
False
Is 154315839863 prime?
True
Is 2726459581 a prime number?
True
Is 17168598229 prime?
True
Is 7607693591 composite?
False
Is 368961137 composite?
True
Is 171946573 a prime number?
True
Is 43101211931 a composite number?
True
Is 89682289091 composite?
False
Is 21591684617 a prime number?
True
Is 13432367359 a prime number?
True
Is 1538195909 a prime number?
False
Is 120492779419 composite?
False
Is 499052203 prime?
False
Is 1813920727 composite?
False
Is 3688651823 a composite number?
True
Is 2663420159 a prime number?
True
Is 1060501001 composite?
True
Is 532390597 composite?
False
Is 4623895249 prime?
False
Is 4273668019 a prime number?
False
Is 448844141 prime?
True
Is 105456047 a prime number?
False
Is 242426599 a composite number?
False
Is 24025859549 a composite number?
True
Is 2952653631 prime?
False
Is 14426337299 a prime number?
False
Is 83854848101 a prime number?
False
Is 9934373 a composite number?
True
Is 18258197151 a prime number?
False
Is 69334293257 composite?
False
Is 3414763789 prime?
False
Is 5700299491 prime?
True
Is 10339560029 a composite number?
True
Is 2549469599 prime?
True
Is 5359927451 prime?
True
Is 356946593 a prime number?
False
Is 192144781 a composite number?
True
Is 13616179877 composite?
False
Is 17473002999 prime?
False
Is 2850411569 a composite number?
False
Is 1120233095 a composite number?
True
Is 12471293677 prime?
True
Is 4835974151 prime?
True
Is 2678540521 a composite number?
True
Is 19144954399 prime?
False
Is 1217775553 a composite number?
False
Is 1196939641 a composite number?
True
Is 1213257113 prime?
True
Is 521469701 prime?
True
Is 8509636067 a composite number?
True
Is 1737779689 a composite number?
False
Is 1655989787 prime?
False
Is 378702601 a prime number?
False
Is 6602008643 prime?
False
Is 2835989327 a prime number?
True
Is 3211084483 prime?
False
Is 29998598501 composite?
False
Is 60187993 prime?
False
Is 650418229 composite?
False
Is 9562459409 prime?
True
Is 575483849 a composite number?
True
Is 7949913497 composite?
False
Is 233935519 composite?
False
Is 100239114709 a composite number?
False
Is 64171769 a prime number?
True
Is 744934447 a prime number?
False
Is 4299753197 composite?
False
Is 19295927351 composite?
False
Is 428613671 a composite number?
True
Is 34346787383 a prime number?
True
Is 96450184429 a composite number?
True
Is 4324638727 a composite number?
False
Is 72017387653 a composite number?
False
Is 7120901507 prime?
True
Is 3464379937 prime?
False
Is 32382442199 composite?
False
Is 684339727 a composite number?
False
Is 73491547799 composite?
False
Is 19241974903 composite?
True
Is 46763411293 a prime number?
True
Is 394579769 a prime number?
True
Is 1193522761 a composite number?
True
Is 464375413 a prime number?
True
Is 1509977867 a composite number?
False
Is 2841286691 a composite number?
False
Is 5060768491 a prime number?
True
Is 3332168711 prime?
True
Is 7267573081 a composite number?
False
Is 947441927 a prime number?
True
Is 80420558281 prime?
False
Is 28140479 a composite number?
False
Is 291292613 a composite number?
False
Is 83771473 a prime number?
True
Is 274509648059 composite?
False
Is 5824734483 a composite number?
True
Is 76852823731 a prime number?
False
Is 1049127161 composite?
True
Is 5090197759 prime?
False
Is 5954989913 a composite number?
False
Is 4787905637 prime?
False
Is 2345806891 a prime number?
True
Is 6765713011 prime?
True
Is 437858699 prime?
True
Is 337478873 a prime number?
True
Is 160802162 prime?
False
Is 82865057459 a composite number?
False
Is 267371189 a composite number?
True
Is 119986171 prime?
False
Is 17184689233 a composite number?
True
Is 8706554407 prime?
True
Is 3035279503 composite?
False
Is 140501007897 prime?
False
Is 19100557297 a composite number?
False
Is 1271347537 a prime number?
False
Is 563011524817 a prime number?
False
Is 165313979 a prime number?
False
Is 13566602039 composite?
True
Is 1240730209 composite?
False
Is 7283956681 prime?
True
Is 3321946783 composite?
True
Is 9539657891 a prime number?
False
Is 10694142649 prime?
False
Is 68236004201 composite?
True
Is 675615389 a prime number?
True
Is 68320573187 a composite number?
False
Is 1600218349 a composite number?
True
Is 146188239 a prime number?
False
Is 10827658657 a prime number?
True
Is 2800742317 a prime number?
False
Is 926064247 composite?
False
Is 361997603977 a composite number?
False
Is 979543871 prime?
False
Is 164977991 a composite number?
True
Is 100450233109 prime?
True
Is 5958845293 prime?
True
Is 8660527171 composite?
False
Is 225147227 a prime number?
True
Is 30181387 a composite number?
False
Is 17843188127 composite?
True
Is 35995519743 composite?
True
Is 764563421 a prime number?
False
Is 46803180323 a composite number?
False
Is 65767243 prime?
False
Is 686982209 a composite number?
True
Is 3130473971 composite?
False
Is 17980997039 a prime number?
False
Is 55107410047 a prime number?
True
Is 851793590195 a composite number?
True
Is 244869379 prime?
True
Is 2169081163 prime?
False
Is 25339139911 composite?
False
Is 279379963 a prime number?
True
Is 1416231727 a composite number?
False
Is 3065786921 composite?
False
Is 108476247137 a composite number?
False
Is 222537221 a prime number?
True
Is 27398923529 prime?
True
Is 10770018601 composite?
False
Is 44641109 a composite number?
False
Is 75027133418 prime?
False
Is 118308419 composite?
True
Is 234623176159 composite?
False
Is 1434252901 composite?
True
Is 1156633997 composite?
True
Is 16363914667 a composite number?
False
Is 67641255601 prime?
True
Is 7076668673 a composite number?
True
Is 412733053 prime?
True
Is 4830863903 a composite number?
True
Is 5312871901 a prime number?
True
Is 23709910313 a prime number?
False
Is 10085718619 composite?
True
Is 2251353283 a composite number?
False
Is 3537624541 composite?
True
Is 548605454 composite?
True
Is 354784814 composite?
True
Is 41960096543 composite?
True
Is 3176429461 prime?
True
Is 139344739 a prime number?
False
Is 9262414337 composite?
True
Is 1483060541 composite?
False
Is 26241023129 composite?
False
Is 6434624671 composite?
True
Is 57145453 a prime number?
False
Is 13289315687 a composite number?
True
Is 67378993 a prime number?
False
Is 6503511647 a prime number?
True
Is 10733565707 a composite number?
False
Is 120494797711 composite?
False
Is 2252048683 composite?
True
Is 29551727971 a prime number?
False
Is 44253048703 composite?
True
Is 9976779017 prime?
True
Is 1078337839 prime?
True
Is 1291608511 prime?
False
Is 76353543073 a composite number?
True
Is 24447509213 composite?
True
Is 24366573611 prime?
True
Is 4672551799 a composite number?
False
Is 26455278503 a composite number?
True
Is 64044371801 prime?
True
Is 7278528139 prime?
True
Is 13822895831 a prime number?
False
Is 34663148999 a prime number?
True
Is 5768416369 prime?
True
Is 130733322581 composite?
False
Is 6754846697 prime?
True
Is 1165860281 a prime number?
False
Is 116588158861 a composite number?
False
Is 61158789479 a prime number?
True
Is 2412127987 a composite number?
True
Is 351728813 prime?
True
Is 121064303 composite?
False
Is 6507485573 a composite number?
True
Is 203661671 prime?
False
Is 546169933 prime?
True
Is 719596363 composite?
False
Is 4144683091 a prime number?
False
Is 4221071486 a prime number?
False
Is 73219261 a composite number?
True
Is 126618433871 prime?
True
Is 1228327511 composite?
False
Is 17991662937 a prime number?
False
Is 150298751251 a composite number?
True
Is 39350